{"id":5182,"date":"2025-03-06T14:51:23","date_gmt":"2025-03-06T14:51:23","guid":{"rendered":"https:\/\/pikosan.com.tr\/?page_id=5182"},"modified":"2025-07-24T10:10:19","modified_gmt":"2025-07-24T10:10:19","slug":"pikosan-metal-form-menu","status":"publish","type":"page","link":"https:\/\/pikosan.com.tr\/index.php\/pikosan-metal-form-menu\/","title":{"rendered":"Pikosan Metal Form Men\u00fc"},"content":{"rendered":"\t\t<div data-elementor-type=\"wp-page\" data-elementor-id=\"5182\" class=\"elementor elementor-5182\" data-elementor-post-type=\"page\">\n\t\t\t\t<div class=\"elementor-element elementor-element-9276527 e-flex e-con-boxed e-con e-parent\" data-id=\"9276527\" data-element_type=\"container\">\n\t\t\t\t\t<div class=\"e-con-inner\">\n\t\t<div class=\"elementor-element elementor-element-52b66f6 e-con-full e-flex e-con e-child\" data-id=\"52b66f6\" data-element_type=\"container\">\n\t\t<div class=\"elementor-element elementor-element-b0c96f2 e-con-full e-flex e-con e-child\" data-id=\"b0c96f2\" data-element_type=\"container\">\n\t\t\t\t<div class=\"elementor-element elementor-element-fccc943 elementor-view-default elementor-widget elementor-widget-icon\" data-id=\"fccc943\" data-element_type=\"widget\" data-widget_type=\"icon.default\">\n\t\t\t\t<div class=\"elementor-widget-container\">\n\t\t\t\t\t\t\t<div class=\"elementor-icon-wrapper\">\n\t\t\t<div class=\"elementor-icon\">\n\t\t\t<svg xmlns=\"http:\/\/www.w3.org\/2000\/svg\" width=\"59\" height=\"32\" viewBox=\"0 0 59 32\"><path d=\"M39.629 2.228c0.214-1.286 1.327-2.228 2.63-2.228h13.26c1.648 0 2.901 1.48 2.63 3.105l-4.444 26.667c-0.214 1.286-1.327 2.228-2.63 2.228h-13.26c-1.648 0-2.901-1.48-2.63-3.105l4.444-26.667z\"><\/path><path opacity=\"0.6\" d=\"M18.295 2.228c0.214-1.286 1.327-2.228 2.63-2.228h7.926c1.648 0 2.901 1.48 2.63 3.105l-4.444 26.667c-0.214 1.286-1.327 2.228-2.63 2.228h-7.926c-1.648 0-2.901-1.48-2.63-3.105l4.444-26.667z\"><\/path><path opacity=\"0.4\" d=\"M4.967 2.198c0.211-1.268 1.309-2.198 2.595-2.198 1.625 0 2.862 1.46 2.595 3.063l-4.457 26.739c-0.211 1.268-1.309 2.198-2.595 2.198-1.625 0-2.862-1.459-2.595-3.063l4.457-26.739z\"><\/path><\/svg>\t\t\t<\/div>\n\t\t<\/div>\n\t\t\t\t\t\t<\/div>\n\t\t\t\t<\/div>\n\t\t\t\t<div class=\"elementor-element elementor-element-0de4d68 elementor-widget elementor-widget-heading\" data-id=\"0de4d68\" data-element_type=\"widget\" data-widget_type=\"heading.default\">\n\t\t\t\t<div class=\"elementor-widget-container\">\n\t\t\t\t\t<div class=\"elementor-heading-title elementor-size-default\">P\u0130KOSAN METAL FORM - NOSAB<\/div>\t\t\t\t<\/div>\n\t\t\t\t<\/div>\n\t\t\t\t<div class=\"elementor-element elementor-element-d438844 e-transform e-transform elementor-view-default elementor-widget elementor-widget-icon\" data-id=\"d438844\" data-element_type=\"widget\" data-settings=\"{&quot;_transform_flipX_effect&quot;:&quot;transform&quot;,&quot;_transform_flipY_effect&quot;:&quot;transform&quot;}\" data-widget_type=\"icon.default\">\n\t\t\t\t<div class=\"elementor-widget-container\">\n\t\t\t\t\t\t\t<div class=\"elementor-icon-wrapper\">\n\t\t\t<div class=\"elementor-icon\">\n\t\t\t<svg xmlns=\"http:\/\/www.w3.org\/2000\/svg\" width=\"59\" height=\"32\" viewBox=\"0 0 59 32\"><path d=\"M39.629 2.228c0.214-1.286 1.327-2.228 2.63-2.228h13.26c1.648 0 2.901 1.48 2.63 3.105l-4.444 26.667c-0.214 1.286-1.327 2.228-2.63 2.228h-13.26c-1.648 0-2.901-1.48-2.63-3.105l4.444-26.667z\"><\/path><path opacity=\"0.6\" d=\"M18.295 2.228c0.214-1.286 1.327-2.228 2.63-2.228h7.926c1.648 0 2.901 1.48 2.63 3.105l-4.444 26.667c-0.214 1.286-1.327 2.228-2.63 2.228h-7.926c-1.648 0-2.901-1.48-2.63-3.105l4.444-26.667z\"><\/path><path opacity=\"0.4\" d=\"M4.967 2.198c0.211-1.268 1.309-2.198 2.595-2.198 1.625 0 2.862 1.46 2.595 3.063l-4.457 26.739c-0.211 1.268-1.309 2.198-2.595 2.198-1.625 0-2.862-1.459-2.595-3.063l4.457-26.739z\"><\/path><\/svg>\t\t\t<\/div>\n\t\t<\/div>\n\t\t\t\t\t\t<\/div>\n\t\t\t\t<\/div>\n\t\t\t\t<\/div>\n\t\t\t\t<\/div>\n\t\t\t\t\t<\/div>\n\t\t\t\t<\/div>\n\t\t<div class=\"elementor-element elementor-element-2f851fe e-flex e-con-boxed e-con e-parent\" data-id=\"2f851fe\" data-element_type=\"container\">\n\t\t\t\t\t<div class=\"e-con-inner\">\n\t\t<div class=\"elementor-element elementor-element-dceb78e e-con-full e-flex e-con e-child\" data-id=\"dceb78e\" data-element_type=\"container\">\n\t\t\t\t<div class=\"elementor-element elementor-element-300174d elementor-widget elementor-widget-text-editor\" data-id=\"300174d\" data-element_type=\"widget\" data-widget_type=\"text-editor.default\">\n\t\t\t\t<div class=\"elementor-widget-container\">\n\t\t\t\t\t\t\t\t\t<div class=\"elementor-element elementor-element-2de2510 elementor-widget__width-initial elementor-widget elementor-widget-text-editor\" data-id=\"2de2510\" data-element_type=\"widget\" data-widget_type=\"text-editor.default\"><div class=\"elementor-widget-container\"><p style=\"text-align: center;\">\u00a0 \u00a0 \u00a0 \u00a0 \u00a0 \u00a0 \u00a0 \u00a0 \u00a0 \u00a0 \u00a0 \u00a0 \u00a0 \u00a0 \u00a0 \u00a0 \u00a0 \u00a0 \u00a0 \u00a05000m\u00b2 kapal\u0131 alanda NOSAB organize sanayi b\u00f6lgesinde yeni yat\u0131r\u0131m hedefleri do\u011frultusunda 100 Tondan 1250 Tona kadar pres kapasitesi ile seri \u00fcretim faaliyetlerine devam etmektedir.<\/p><\/div><\/div>\t\t\t\t\t\t\t\t<\/div>\n\t\t\t\t<\/div>\n\t\t\t\t<\/div>\n\t\t\t\t\t<\/div>\n\t\t\t\t<\/div>\n\t\t<div class=\"elementor-element elementor-element-b2f4b41 e-flex e-con-boxed e-con e-parent\" data-id=\"b2f4b41\" data-element_type=\"container\">\n\t\t\t\t\t<div class=\"e-con-inner\">\n\t\t<div class=\"elementor-element elementor-element-646ad51 e-con-full e-flex e-con e-child\" data-id=\"646ad51\" data-element_type=\"container\">\n\t\t\t\t<div class=\"elementor-element elementor-element-9a4a46d elementor-widget elementor-widget-image\" data-id=\"9a4a46d\" data-element_type=\"widget\" data-widget_type=\"image.default\">\n\t\t\t\t<div class=\"elementor-widget-container\">\n\t\t\t\t\t\t\t\t\t\t\t\t\t\t\t\t<a href=\"https:\/\/pikosan.com.tr\/index.php\/pikosan-metal-form-makina-parkurumuz\/\">\n\t\t\t\t\t\t\t<img fetchpriority=\"high\" decoding=\"async\" width=\"900\" height=\"570\" src=\"https:\/\/pikosan.com.tr\/wp-content\/uploads\/2025\/07\/Pikosan01-01-1024x649.jpg\" class=\"attachment-large size-large wp-image-6035\" alt=\"\" srcset=\"https:\/\/pikosan.com.tr\/wp-content\/uploads\/2025\/07\/Pikosan01-01-1024x649.jpg 1024w, https:\/\/pikosan.com.tr\/wp-content\/uploads\/2025\/07\/Pikosan01-01-300x190.jpg 300w, https:\/\/pikosan.com.tr\/wp-content\/uploads\/2025\/07\/Pikosan01-01-768x486.jpg 768w, https:\/\/pikosan.com.tr\/wp-content\/uploads\/2025\/07\/Pikosan01-01-450x285.jpg 450w, https:\/\/pikosan.com.tr\/wp-content\/uploads\/2025\/07\/Pikosan01-01-800x507.jpg 800w, https:\/\/pikosan.com.tr\/wp-content\/uploads\/2025\/07\/Pikosan01-01.jpg 1500w\" sizes=\"(max-width: 900px) 100vw, 900px\" \/>\t\t\t\t\t\t\t\t<\/a>\n\t\t\t\t\t\t\t\t\t\t\t\t\t\t\t<\/div>\n\t\t\t\t<\/div>\n\t\t\t\t<div class=\"elementor-element elementor-element-77bb898 elementor-widget elementor-widget-image\" data-id=\"77bb898\" data-element_type=\"widget\" data-widget_type=\"image.default\">\n\t\t\t\t<div class=\"elementor-widget-container\">\n\t\t\t\t\t\t\t\t\t\t\t\t\t\t\t\t<a href=\"https:\/\/pikosan.com.tr\/index.php\/pikosan-metal-form-makina-parkurumuz\/\">\n\t\t\t\t\t\t\t<img decoding=\"async\" width=\"900\" height=\"55\" src=\"https:\/\/pikosan.com.tr\/wp-content\/uploads\/2025\/07\/Title-Pikosan-03-01-1024x63.jpg\" class=\"attachment-large size-large wp-image-6040\" alt=\"\" srcset=\"https:\/\/pikosan.com.tr\/wp-content\/uploads\/2025\/07\/Title-Pikosan-03-01-1024x63.jpg 1024w, https:\/\/pikosan.com.tr\/wp-content\/uploads\/2025\/07\/Title-Pikosan-03-01-300x18.jpg 300w, https:\/\/pikosan.com.tr\/wp-content\/uploads\/2025\/07\/Title-Pikosan-03-01-768x47.jpg 768w, https:\/\/pikosan.com.tr\/wp-content\/uploads\/2025\/07\/Title-Pikosan-03-01-450x28.jpg 450w, https:\/\/pikosan.com.tr\/wp-content\/uploads\/2025\/07\/Title-Pikosan-03-01-800x49.jpg 800w, https:\/\/pikosan.com.tr\/wp-content\/uploads\/2025\/07\/Title-Pikosan-03-01.jpg 1468w\" sizes=\"(max-width: 900px) 100vw, 900px\" \/>\t\t\t\t\t\t\t\t<\/a>\n\t\t\t\t\t\t\t\t\t\t\t\t\t\t\t<\/div>\n\t\t\t\t<\/div>\n\t\t\t\t<\/div>\n\t\t<div class=\"elementor-element elementor-element-932f4a8 e-con-full e-flex e-con e-child\" data-id=\"932f4a8\" data-element_type=\"container\">\n\t\t\t\t<div class=\"elementor-element elementor-element-f5bf2dc elementor-widget elementor-widget-image\" data-id=\"f5bf2dc\" data-element_type=\"widget\" data-widget_type=\"image.default\">\n\t\t\t\t<div class=\"elementor-widget-container\">\n\t\t\t\t\t\t\t\t\t\t\t\t\t\t\t\t<a href=\"https:\/\/pikosan.com.tr\/index.php\/pikosan-urunler-sayfasi\/\">\n\t\t\t\t\t\t\t<img decoding=\"async\" width=\"900\" height=\"570\" src=\"https:\/\/pikosan.com.tr\/wp-content\/uploads\/2025\/07\/Pikosan01-02-yeni-1024x649.jpg\" class=\"attachment-large size-large wp-image-6093\" alt=\"\" srcset=\"https:\/\/pikosan.com.tr\/wp-content\/uploads\/2025\/07\/Pikosan01-02-yeni-1024x649.jpg 1024w, https:\/\/pikosan.com.tr\/wp-content\/uploads\/2025\/07\/Pikosan01-02-yeni-300x190.jpg 300w, https:\/\/pikosan.com.tr\/wp-content\/uploads\/2025\/07\/Pikosan01-02-yeni-768x486.jpg 768w, https:\/\/pikosan.com.tr\/wp-content\/uploads\/2025\/07\/Pikosan01-02-yeni-450x285.jpg 450w, https:\/\/pikosan.com.tr\/wp-content\/uploads\/2025\/07\/Pikosan01-02-yeni-800x507.jpg 800w, https:\/\/pikosan.com.tr\/wp-content\/uploads\/2025\/07\/Pikosan01-02-yeni.jpg 1500w\" sizes=\"(max-width: 900px) 100vw, 900px\" \/>\t\t\t\t\t\t\t\t<\/a>\n\t\t\t\t\t\t\t\t\t\t\t\t\t\t\t<\/div>\n\t\t\t\t<\/div>\n\t\t\t\t<div class=\"elementor-element elementor-element-961b5d9 elementor-widget elementor-widget-image\" data-id=\"961b5d9\" data-element_type=\"widget\" data-widget_type=\"image.default\">\n\t\t\t\t<div class=\"elementor-widget-container\">\n\t\t\t\t\t\t\t\t\t\t\t\t\t\t\t\t<a href=\"https:\/\/pikosan.com.tr\/index.php\/pikosan-urunler-sayfasi\/\">\n\t\t\t\t\t\t\t<img loading=\"lazy\" decoding=\"async\" width=\"900\" height=\"55\" src=\"https:\/\/pikosan.com.tr\/wp-content\/uploads\/2025\/07\/Title-Pikosan-03-02-1024x63.jpg\" class=\"attachment-large size-large wp-image-6041\" alt=\"\" srcset=\"https:\/\/pikosan.com.tr\/wp-content\/uploads\/2025\/07\/Title-Pikosan-03-02-1024x63.jpg 1024w, https:\/\/pikosan.com.tr\/wp-content\/uploads\/2025\/07\/Title-Pikosan-03-02-300x18.jpg 300w, https:\/\/pikosan.com.tr\/wp-content\/uploads\/2025\/07\/Title-Pikosan-03-02-768x47.jpg 768w, https:\/\/pikosan.com.tr\/wp-content\/uploads\/2025\/07\/Title-Pikosan-03-02-450x28.jpg 450w, https:\/\/pikosan.com.tr\/wp-content\/uploads\/2025\/07\/Title-Pikosan-03-02-800x49.jpg 800w, https:\/\/pikosan.com.tr\/wp-content\/uploads\/2025\/07\/Title-Pikosan-03-02.jpg 1468w\" sizes=\"(max-width: 900px) 100vw, 900px\" \/>\t\t\t\t\t\t\t\t<\/a>\n\t\t\t\t\t\t\t\t\t\t\t\t\t\t\t<\/div>\n\t\t\t\t<\/div>\n\t\t\t\t<\/div>\n\t\t\t\t\t<\/div>\n\t\t\t\t<\/div>\n\t\t<div class=\"elementor-element elementor-element-7915dc6 e-flex e-con-boxed e-con e-parent\" data-id=\"7915dc6\" data-element_type=\"container\">\n\t\t\t\t\t<div class=\"e-con-inner\">\n\t\t<div class=\"elementor-element elementor-element-7b63d03 e-con-full e-flex e-con e-child\" data-id=\"7b63d03\" data-element_type=\"container\">\n\t\t\t\t<div class=\"elementor-element elementor-element-bc2cc94 elementor-widget elementor-widget-image\" data-id=\"bc2cc94\" data-element_type=\"widget\" data-widget_type=\"image.default\">\n\t\t\t\t<div class=\"elementor-widget-container\">\n\t\t\t\t\t\t\t\t\t\t\t\t\t\t\t\t<a href=\"https:\/\/pikosan.com.tr\/index.php\/pikosan-metal-form-kalite\/\">\n\t\t\t\t\t\t\t<img loading=\"lazy\" decoding=\"async\" width=\"900\" height=\"570\" src=\"https:\/\/pikosan.com.tr\/wp-content\/uploads\/2025\/07\/Pikosan01-03-1024x649.jpg\" class=\"attachment-large size-large wp-image-6037\" alt=\"\" srcset=\"https:\/\/pikosan.com.tr\/wp-content\/uploads\/2025\/07\/Pikosan01-03-1024x649.jpg 1024w, https:\/\/pikosan.com.tr\/wp-content\/uploads\/2025\/07\/Pikosan01-03-300x190.jpg 300w, https:\/\/pikosan.com.tr\/wp-content\/uploads\/2025\/07\/Pikosan01-03-768x486.jpg 768w, https:\/\/pikosan.com.tr\/wp-content\/uploads\/2025\/07\/Pikosan01-03-450x285.jpg 450w, https:\/\/pikosan.com.tr\/wp-content\/uploads\/2025\/07\/Pikosan01-03-800x507.jpg 800w, https:\/\/pikosan.com.tr\/wp-content\/uploads\/2025\/07\/Pikosan01-03.jpg 1500w\" sizes=\"(max-width: 900px) 100vw, 900px\" \/>\t\t\t\t\t\t\t\t<\/a>\n\t\t\t\t\t\t\t\t\t\t\t\t\t\t\t<\/div>\n\t\t\t\t<\/div>\n\t\t\t\t<div class=\"elementor-element elementor-element-542e78b elementor-widget elementor-widget-image\" data-id=\"542e78b\" data-element_type=\"widget\" data-widget_type=\"image.default\">\n\t\t\t\t<div class=\"elementor-widget-container\">\n\t\t\t\t\t\t\t\t\t\t\t\t\t\t\t\t<a href=\"https:\/\/pikosan.com.tr\/index.php\/pikosan-metal-form-kalite\/\">\n\t\t\t\t\t\t\t<img loading=\"lazy\" decoding=\"async\" width=\"900\" height=\"55\" src=\"https:\/\/pikosan.com.tr\/wp-content\/uploads\/2025\/07\/Title-Pikosan-03-03-1024x63.jpg\" class=\"attachment-large size-large wp-image-6042\" alt=\"\" srcset=\"https:\/\/pikosan.com.tr\/wp-content\/uploads\/2025\/07\/Title-Pikosan-03-03-1024x63.jpg 1024w, https:\/\/pikosan.com.tr\/wp-content\/uploads\/2025\/07\/Title-Pikosan-03-03-300x18.jpg 300w, https:\/\/pikosan.com.tr\/wp-content\/uploads\/2025\/07\/Title-Pikosan-03-03-768x47.jpg 768w, https:\/\/pikosan.com.tr\/wp-content\/uploads\/2025\/07\/Title-Pikosan-03-03-450x28.jpg 450w, https:\/\/pikosan.com.tr\/wp-content\/uploads\/2025\/07\/Title-Pikosan-03-03-800x49.jpg 800w, https:\/\/pikosan.com.tr\/wp-content\/uploads\/2025\/07\/Title-Pikosan-03-03.jpg 1468w\" sizes=\"(max-width: 900px) 100vw, 900px\" \/>\t\t\t\t\t\t\t\t<\/a>\n\t\t\t\t\t\t\t\t\t\t\t\t\t\t\t<\/div>\n\t\t\t\t<\/div>\n\t\t\t\t<\/div>\n\t\t<div class=\"elementor-element elementor-element-c925699 e-con-full e-flex e-con e-child\" data-id=\"c925699\" data-element_type=\"container\">\n\t\t\t\t<div class=\"elementor-element elementor-element-c515e0c elementor-widget elementor-widget-image\" data-id=\"c515e0c\" data-element_type=\"widget\" data-widget_type=\"image.default\">\n\t\t\t\t<div class=\"elementor-widget-container\">\n\t\t\t\t\t\t\t\t\t\t\t\t\t\t\t\t<a href=\"https:\/\/pikosan.com.tr\/index.php\/pikosan-metal-form-lokasyon\/\">\n\t\t\t\t\t\t\t<img loading=\"lazy\" decoding=\"async\" width=\"900\" height=\"570\" src=\"https:\/\/pikosan.com.tr\/wp-content\/uploads\/2025\/07\/Pikosan01-04-1024x649.jpg\" class=\"attachment-large size-large wp-image-6038\" alt=\"\" srcset=\"https:\/\/pikosan.com.tr\/wp-content\/uploads\/2025\/07\/Pikosan01-04-1024x649.jpg 1024w, https:\/\/pikosan.com.tr\/wp-content\/uploads\/2025\/07\/Pikosan01-04-300x190.jpg 300w, https:\/\/pikosan.com.tr\/wp-content\/uploads\/2025\/07\/Pikosan01-04-768x486.jpg 768w, https:\/\/pikosan.com.tr\/wp-content\/uploads\/2025\/07\/Pikosan01-04-450x285.jpg 450w, https:\/\/pikosan.com.tr\/wp-content\/uploads\/2025\/07\/Pikosan01-04-800x507.jpg 800w, https:\/\/pikosan.com.tr\/wp-content\/uploads\/2025\/07\/Pikosan01-04.jpg 1500w\" sizes=\"(max-width: 900px) 100vw, 900px\" \/>\t\t\t\t\t\t\t\t<\/a>\n\t\t\t\t\t\t\t\t\t\t\t\t\t\t\t<\/div>\n\t\t\t\t<\/div>\n\t\t\t\t<div class=\"elementor-element elementor-element-af6ad6c elementor-widget elementor-widget-image\" data-id=\"af6ad6c\" data-element_type=\"widget\" data-widget_type=\"image.default\">\n\t\t\t\t<div class=\"elementor-widget-container\">\n\t\t\t\t\t\t\t\t\t\t\t\t\t\t\t\t<a href=\"https:\/\/pikosan.com.tr\/index.php\/pikosan-metal-form-lokasyon\/\">\n\t\t\t\t\t\t\t<img loading=\"lazy\" decoding=\"async\" width=\"900\" height=\"55\" src=\"https:\/\/pikosan.com.tr\/wp-content\/uploads\/2025\/07\/Title-Pikosan-03-04-1024x63.jpg\" class=\"attachment-large size-large wp-image-6043\" alt=\"\" srcset=\"https:\/\/pikosan.com.tr\/wp-content\/uploads\/2025\/07\/Title-Pikosan-03-04-1024x63.jpg 1024w, https:\/\/pikosan.com.tr\/wp-content\/uploads\/2025\/07\/Title-Pikosan-03-04-300x18.jpg 300w, https:\/\/pikosan.com.tr\/wp-content\/uploads\/2025\/07\/Title-Pikosan-03-04-768x47.jpg 768w, https:\/\/pikosan.com.tr\/wp-content\/uploads\/2025\/07\/Title-Pikosan-03-04-450x28.jpg 450w, https:\/\/pikosan.com.tr\/wp-content\/uploads\/2025\/07\/Title-Pikosan-03-04-800x49.jpg 800w, https:\/\/pikosan.com.tr\/wp-content\/uploads\/2025\/07\/Title-Pikosan-03-04.jpg 1468w\" sizes=\"(max-width: 900px) 100vw, 900px\" \/>\t\t\t\t\t\t\t\t<\/a>\n\t\t\t\t\t\t\t\t\t\t\t\t\t\t\t<\/div>\n\t\t\t\t<\/div>\n\t\t\t\t<\/div>\n\t\t\t\t\t<\/div>\n\t\t\t\t<\/div>\n\t\t\t\t<\/div>\n\t\t","protected":false},"excerpt":{"rendered":"<p>P\u0130KOSAN METAL FORM &#8211; NOSAB \u00a0 \u00a0 \u00a0 \u00a0 \u00a0 \u00a0 \u00a0 \u00a0 \u00a0 \u00a0 \u00a0 \u00a0 \u00a0 \u00a0 \u00a0 \u00a0 \u00a0 \u00a0 \u00a0 \u00a05000m\u00b2 kapal\u0131 alanda NOSAB organize sanayi b\u00f6lgesinde yeni yat\u0131r\u0131m hedefleri do\u011frultusunda 100 Tondan 1250 Tona kadar pres kapasitesi ile seri \u00fcretim faaliyetlerine devam etmektedir.<\/p>\n","protected":false},"author":1,"featured_media":0,"parent":0,"menu_order":0,"comment_status":"closed","ping_status":"closed","template":"template-homepage.php","meta":{"footnotes":""},"class_list":["post-5182","page","type-page","status-publish","hentry"],"_links":{"self":[{"href":"https:\/\/pikosan.com.tr\/index.php\/wp-json\/wp\/v2\/pages\/5182"}],"collection":[{"href":"https:\/\/pikosan.com.tr\/index.php\/wp-json\/wp\/v2\/pages"}],"about":[{"href":"https:\/\/pikosan.com.tr\/index.php\/wp-json\/wp\/v2\/types\/page"}],"author":[{"embeddable":true,"href":"https:\/\/pikosan.com.tr\/index.php\/wp-json\/wp\/v2\/users\/1"}],"replies":[{"embeddable":true,"href":"https:\/\/pikosan.com.tr\/index.php\/wp-json\/wp\/v2\/comments?post=5182"}],"version-history":[{"count":32,"href":"https:\/\/pikosan.com.tr\/index.php\/wp-json\/wp\/v2\/pages\/5182\/revisions"}],"predecessor-version":[{"id":6096,"href":"https:\/\/pikosan.com.tr\/index.php\/wp-json\/wp\/v2\/pages\/5182\/revisions\/6096"}],"wp:attachment":[{"href":"https:\/\/pikosan.com.tr\/index.php\/wp-json\/wp\/v2\/media?parent=5182"}],"curies":[{"name":"wp","href":"https:\/\/api.w.org\/{rel}","templated":true}]}}