{"id":5131,"date":"2025-02-20T16:54:02","date_gmt":"2025-02-20T16:54:02","guid":{"rendered":"https:\/\/pikosan.com.tr\/?page_id=5131"},"modified":"2025-06-30T16:03:07","modified_gmt":"2025-06-30T16:03:07","slug":"pikosan-metal-form-makina-parkurumuz","status":"publish","type":"page","link":"https:\/\/pikosan.com.tr\/index.php\/pikosan-metal-form-makina-parkurumuz\/","title":{"rendered":"Pikosan Metal Form &#8211; MAK\u0130NA PARKURUMUZ"},"content":{"rendered":"\t\t<div data-elementor-type=\"wp-page\" data-elementor-id=\"5131\" class=\"elementor elementor-5131\" data-elementor-post-type=\"page\">\n\t\t\t\t<div class=\"elementor-element elementor-element-407d425 e-grid e-con-boxed e-con e-parent\" data-id=\"407d425\" data-element_type=\"container\">\n\t\t\t\t\t<div class=\"e-con-inner\">\n\t\t\t\t<div class=\"elementor-element elementor-element-4763b58 elementor-widget elementor-widget-image\" data-id=\"4763b58\" data-element_type=\"widget\" data-widget_type=\"image.default\">\n\t\t\t\t<div class=\"elementor-widget-container\">\n\t\t\t\t\t\t\t\t\t\t\t\t\t\t\t<img fetchpriority=\"high\" decoding=\"async\" width=\"900\" height=\"722\" src=\"https:\/\/pikosan.com.tr\/wp-content\/uploads\/2025\/06\/Pikosan-Parkur-01-2-1024x821.jpg\" class=\"attachment-large size-large wp-image-5835\" alt=\"\" srcset=\"https:\/\/pikosan.com.tr\/wp-content\/uploads\/2025\/06\/Pikosan-Parkur-01-2-1024x821.jpg 1024w, https:\/\/pikosan.com.tr\/wp-content\/uploads\/2025\/06\/Pikosan-Parkur-01-2-300x241.jpg 300w, https:\/\/pikosan.com.tr\/wp-content\/uploads\/2025\/06\/Pikosan-Parkur-01-2-768x616.jpg 768w, https:\/\/pikosan.com.tr\/wp-content\/uploads\/2025\/06\/Pikosan-Parkur-01-2-1536x1232.jpg 1536w, https:\/\/pikosan.com.tr\/wp-content\/uploads\/2025\/06\/Pikosan-Parkur-01-2-450x361.jpg 450w, https:\/\/pikosan.com.tr\/wp-content\/uploads\/2025\/06\/Pikosan-Parkur-01-2-800x642.jpg 800w, https:\/\/pikosan.com.tr\/wp-content\/uploads\/2025\/06\/Pikosan-Parkur-01-2.jpg 1920w\" sizes=\"(max-width: 900px) 100vw, 900px\" \/>\t\t\t\t\t\t\t\t\t\t\t\t\t\t\t<\/div>\n\t\t\t\t<\/div>\n\t\t\t\t<div class=\"elementor-element elementor-element-1f5eaa5 elementor-widget elementor-widget-image\" data-id=\"1f5eaa5\" data-element_type=\"widget\" data-widget_type=\"image.default\">\n\t\t\t\t<div class=\"elementor-widget-container\">\n\t\t\t\t\t\t\t\t\t\t\t\t\t\t\t<img decoding=\"async\" width=\"900\" height=\"722\" src=\"https:\/\/pikosan.com.tr\/wp-content\/uploads\/2025\/06\/Pikosan-Parkur-02-2-1024x821.jpg\" class=\"attachment-large size-large wp-image-5836\" alt=\"\" srcset=\"https:\/\/pikosan.com.tr\/wp-content\/uploads\/2025\/06\/Pikosan-Parkur-02-2-1024x821.jpg 1024w, https:\/\/pikosan.com.tr\/wp-content\/uploads\/2025\/06\/Pikosan-Parkur-02-2-300x241.jpg 300w, https:\/\/pikosan.com.tr\/wp-content\/uploads\/2025\/06\/Pikosan-Parkur-02-2-768x616.jpg 768w, https:\/\/pikosan.com.tr\/wp-content\/uploads\/2025\/06\/Pikosan-Parkur-02-2-1536x1232.jpg 1536w, https:\/\/pikosan.com.tr\/wp-content\/uploads\/2025\/06\/Pikosan-Parkur-02-2-450x361.jpg 450w, https:\/\/pikosan.com.tr\/wp-content\/uploads\/2025\/06\/Pikosan-Parkur-02-2-800x642.jpg 800w, https:\/\/pikosan.com.tr\/wp-content\/uploads\/2025\/06\/Pikosan-Parkur-02-2.jpg 1920w\" sizes=\"(max-width: 900px) 100vw, 900px\" \/>\t\t\t\t\t\t\t\t\t\t\t\t\t\t\t<\/div>\n\t\t\t\t<\/div>\n\t\t\t\t<div class=\"elementor-element elementor-element-854751b elementor-widget elementor-widget-image\" data-id=\"854751b\" data-element_type=\"widget\" data-widget_type=\"image.default\">\n\t\t\t\t<div class=\"elementor-widget-container\">\n\t\t\t\t\t\t\t\t\t\t\t\t\t\t\t<img decoding=\"async\" width=\"900\" height=\"722\" src=\"https:\/\/pikosan.com.tr\/wp-content\/uploads\/2025\/06\/Pikosan-Parkur-03-2-1024x821.jpg\" class=\"attachment-large size-large wp-image-5837\" alt=\"\" srcset=\"https:\/\/pikosan.com.tr\/wp-content\/uploads\/2025\/06\/Pikosan-Parkur-03-2-1024x821.jpg 1024w, https:\/\/pikosan.com.tr\/wp-content\/uploads\/2025\/06\/Pikosan-Parkur-03-2-300x241.jpg 300w, https:\/\/pikosan.com.tr\/wp-content\/uploads\/2025\/06\/Pikosan-Parkur-03-2-768x616.jpg 768w, https:\/\/pikosan.com.tr\/wp-content\/uploads\/2025\/06\/Pikosan-Parkur-03-2-1536x1232.jpg 1536w, https:\/\/pikosan.com.tr\/wp-content\/uploads\/2025\/06\/Pikosan-Parkur-03-2-450x361.jpg 450w, https:\/\/pikosan.com.tr\/wp-content\/uploads\/2025\/06\/Pikosan-Parkur-03-2-800x642.jpg 800w, https:\/\/pikosan.com.tr\/wp-content\/uploads\/2025\/06\/Pikosan-Parkur-03-2.jpg 1920w\" sizes=\"(max-width: 900px) 100vw, 900px\" \/>\t\t\t\t\t\t\t\t\t\t\t\t\t\t\t<\/div>\n\t\t\t\t<\/div>\n\t\t\t\t\t<\/div>\n\t\t\t\t<\/div>\n\t\t<div class=\"elementor-element elementor-element-27db66c e-flex e-con-boxed e-con e-parent\" data-id=\"27db66c\" data-element_type=\"container\">\n\t\t\t\t\t<div class=\"e-con-inner\">\n\t\t\t\t<div class=\"elementor-element elementor-element-70ea356 elementor-widget elementor-widget-image\" data-id=\"70ea356\" data-element_type=\"widget\" data-widget_type=\"image.default\">\n\t\t\t\t<div class=\"elementor-widget-container\">\n\t\t\t\t\t\t\t\t\t\t\t\t\t\t\t<img loading=\"lazy\" decoding=\"async\" width=\"2310\" height=\"1203\" src=\"https:\/\/pikosan.com.tr\/wp-content\/uploads\/2025\/06\/Pikosan-Parkur-04-2.jpg\" class=\"attachment-full size-full wp-image-5838\" alt=\"\" srcset=\"https:\/\/pikosan.com.tr\/wp-content\/uploads\/2025\/06\/Pikosan-Parkur-04-2.jpg 2310w, https:\/\/pikosan.com.tr\/wp-content\/uploads\/2025\/06\/Pikosan-Parkur-04-2-300x156.jpg 300w, https:\/\/pikosan.com.tr\/wp-content\/uploads\/2025\/06\/Pikosan-Parkur-04-2-1024x533.jpg 1024w, https:\/\/pikosan.com.tr\/wp-content\/uploads\/2025\/06\/Pikosan-Parkur-04-2-768x400.jpg 768w, https:\/\/pikosan.com.tr\/wp-content\/uploads\/2025\/06\/Pikosan-Parkur-04-2-1536x800.jpg 1536w, https:\/\/pikosan.com.tr\/wp-content\/uploads\/2025\/06\/Pikosan-Parkur-04-2-2048x1067.jpg 2048w, https:\/\/pikosan.com.tr\/wp-content\/uploads\/2025\/06\/Pikosan-Parkur-04-2-450x234.jpg 450w, https:\/\/pikosan.com.tr\/wp-content\/uploads\/2025\/06\/Pikosan-Parkur-04-2-800x417.jpg 800w\" sizes=\"(max-width: 2310px) 100vw, 2310px\" \/>\t\t\t\t\t\t\t\t\t\t\t\t\t\t\t<\/div>\n\t\t\t\t<\/div>\n\t\t\t\t\t<\/div>\n\t\t\t\t<\/div>\n\t\t<div class=\"elementor-element elementor-element-9332f05 e-grid e-con-boxed e-con e-parent\" data-id=\"9332f05\" data-element_type=\"container\">\n\t\t\t\t\t<div class=\"e-con-inner\">\n\t\t\t\t<div class=\"elementor-element elementor-element-58b2d84 elementor-widget elementor-widget-image\" data-id=\"58b2d84\" data-element_type=\"widget\" data-widget_type=\"image.default\">\n\t\t\t\t<div class=\"elementor-widget-container\">\n\t\t\t\t\t\t\t\t\t\t\t\t\t\t\t<img loading=\"lazy\" decoding=\"async\" width=\"900\" height=\"468\" src=\"https:\/\/pikosan.com.tr\/wp-content\/uploads\/2025\/06\/Pikosan-Parkur-05-2-1024x533.jpg\" class=\"attachment-large size-large wp-image-5839\" alt=\"\" srcset=\"https:\/\/pikosan.com.tr\/wp-content\/uploads\/2025\/06\/Pikosan-Parkur-05-2-1024x533.jpg 1024w, https:\/\/pikosan.com.tr\/wp-content\/uploads\/2025\/06\/Pikosan-Parkur-05-2-300x156.jpg 300w, https:\/\/pikosan.com.tr\/wp-content\/uploads\/2025\/06\/Pikosan-Parkur-05-2-768x400.jpg 768w, https:\/\/pikosan.com.tr\/wp-content\/uploads\/2025\/06\/Pikosan-Parkur-05-2-1536x800.jpg 1536w, https:\/\/pikosan.com.tr\/wp-content\/uploads\/2025\/06\/Pikosan-Parkur-05-2-2048x1067.jpg 2048w, https:\/\/pikosan.com.tr\/wp-content\/uploads\/2025\/06\/Pikosan-Parkur-05-2-450x234.jpg 450w, https:\/\/pikosan.com.tr\/wp-content\/uploads\/2025\/06\/Pikosan-Parkur-05-2-800x417.jpg 800w\" sizes=\"(max-width: 900px) 100vw, 900px\" \/>\t\t\t\t\t\t\t\t\t\t\t\t\t\t\t<\/div>\n\t\t\t\t<\/div>\n\t\t\t\t<div class=\"elementor-element elementor-element-3a29fbd elementor-widget elementor-widget-image\" data-id=\"3a29fbd\" data-element_type=\"widget\" data-widget_type=\"image.default\">\n\t\t\t\t<div class=\"elementor-widget-container\">\n\t\t\t\t\t\t\t\t\t\t\t\t\t\t\t<img loading=\"lazy\" decoding=\"async\" width=\"900\" height=\"468\" src=\"https:\/\/pikosan.com.tr\/wp-content\/uploads\/2025\/06\/Pikosan-Parkur-06-1-1024x533.jpg\" class=\"attachment-large size-large wp-image-5753\" alt=\"\" srcset=\"https:\/\/pikosan.com.tr\/wp-content\/uploads\/2025\/06\/Pikosan-Parkur-06-1-1024x533.jpg 1024w, https:\/\/pikosan.com.tr\/wp-content\/uploads\/2025\/06\/Pikosan-Parkur-06-1-300x156.jpg 300w, https:\/\/pikosan.com.tr\/wp-content\/uploads\/2025\/06\/Pikosan-Parkur-06-1-768x400.jpg 768w, https:\/\/pikosan.com.tr\/wp-content\/uploads\/2025\/06\/Pikosan-Parkur-06-1-1536x800.jpg 1536w, https:\/\/pikosan.com.tr\/wp-content\/uploads\/2025\/06\/Pikosan-Parkur-06-1-2048x1067.jpg 2048w, https:\/\/pikosan.com.tr\/wp-content\/uploads\/2025\/06\/Pikosan-Parkur-06-1-450x234.jpg 450w, https:\/\/pikosan.com.tr\/wp-content\/uploads\/2025\/06\/Pikosan-Parkur-06-1-800x417.jpg 800w\" sizes=\"(max-width: 900px) 100vw, 900px\" \/>\t\t\t\t\t\t\t\t\t\t\t\t\t\t\t<\/div>\n\t\t\t\t<\/div>\n\t\t\t\t\t<\/div>\n\t\t\t\t<\/div>\n\t\t<div class=\"elementor-element elementor-element-cf029bf e-flex e-con-boxed e-con e-parent\" data-id=\"cf029bf\" data-element_type=\"container\">\n\t\t\t\t\t<div class=\"e-con-inner\">\n\t\t<div class=\"elementor-element elementor-element-95d1cf4 e-con-full e-flex e-con e-child\" data-id=\"95d1cf4\" data-element_type=\"container\">\n\t\t\t\t<div class=\"elementor-element elementor-element-7d49517 elementor-align-center elementor-button-default elementor-widget elementor-widget-button\" data-id=\"7d49517\" data-element_type=\"widget\" data-widget_type=\"button.default\">\n\t\t\t\t<div class=\"elementor-widget-container\">\n\t\t\t\t\t\t\t\t\t<div class=\"elementor-button-wrapper\">\n\t\t\t\t\t<a class=\"elementor-button elementor-button-link elementor-size-sm\" href=\"https:\/\/pikosan.com.tr\/wp-content\/uploads\/2025\/06\/PRES-PARKURU-TR.pdf\" target=\"_blank\">\n\t\t\t\t\t\t<span class=\"elementor-button-content-wrapper\">\n\t\t\t\t\t\t\t\t\t<span class=\"elementor-button-text\">MAK\u0130NA PARKURU PDF (T\u00dcRK\u00c7E)<\/span>\n\t\t\t\t\t<\/span>\n\t\t\t\t\t<\/a>\n\t\t\t\t<\/div>\n\t\t\t\t\t\t\t\t<\/div>\n\t\t\t\t<\/div>\n\t\t\t\t<\/div>\n\t\t<div class=\"elementor-element elementor-element-54e67a1 e-con-full e-flex e-con e-child\" data-id=\"54e67a1\" data-element_type=\"container\">\n\t\t\t\t<div class=\"elementor-element elementor-element-7d45bda elementor-align-center elementor-button-default elementor-widget elementor-widget-button\" data-id=\"7d45bda\" data-element_type=\"widget\" data-widget_type=\"button.default\">\n\t\t\t\t<div class=\"elementor-widget-container\">\n\t\t\t\t\t\t\t\t\t<div class=\"elementor-button-wrapper\">\n\t\t\t\t\t<a class=\"elementor-button elementor-button-link elementor-size-sm\" href=\"https:\/\/pikosan.com.tr\/wp-content\/uploads\/2025\/06\/PRES-PARKURU-EN.pdf\" target=\"_blank\">\n\t\t\t\t\t\t<span class=\"elementor-button-content-wrapper\">\n\t\t\t\t\t\t\t\t\t<span class=\"elementor-button-text\">MAK\u0130NA PARKURU PDF (ENGLISH)<\/span>\n\t\t\t\t\t<\/span>\n\t\t\t\t\t<\/a>\n\t\t\t\t<\/div>\n\t\t\t\t\t\t\t\t<\/div>\n\t\t\t\t<\/div>\n\t\t\t\t<\/div>\n\t\t\t\t\t<\/div>\n\t\t\t\t<\/div>\n\t\t\t\t<\/div>\n\t\t","protected":false},"excerpt":{"rendered":"<p>MAK\u0130NA PARKURU PDF (T\u00dcRK\u00c7E) MAK\u0130NA PARKURU PDF (ENGLISH)<\/p>\n","protected":false},"author":1,"featured_media":0,"parent":0,"menu_order":0,"comment_status":"closed","ping_status":"closed","template":"template-homepage.php","meta":{"footnotes":""},"class_list":["post-5131","page","type-page","status-publish","hentry"],"_links":{"self":[{"href":"https:\/\/pikosan.com.tr\/index.php\/wp-json\/wp\/v2\/pages\/5131"}],"collection":[{"href":"https:\/\/pikosan.com.tr\/index.php\/wp-json\/wp\/v2\/pages"}],"about":[{"href":"https:\/\/pikosan.com.tr\/index.php\/wp-json\/wp\/v2\/types\/page"}],"author":[{"embeddable":true,"href":"https:\/\/pikosan.com.tr\/index.php\/wp-json\/wp\/v2\/users\/1"}],"replies":[{"embeddable":true,"href":"https:\/\/pikosan.com.tr\/index.php\/wp-json\/wp\/v2\/comments?post=5131"}],"version-history":[{"count":31,"href":"https:\/\/pikosan.com.tr\/index.php\/wp-json\/wp\/v2\/pages\/5131\/revisions"}],"predecessor-version":[{"id":5883,"href":"https:\/\/pikosan.com.tr\/index.php\/wp-json\/wp\/v2\/pages\/5131\/revisions\/5883"}],"wp:attachment":[{"href":"https:\/\/pikosan.com.tr\/index.php\/wp-json\/wp\/v2\/media?parent=5131"}],"curies":[{"name":"wp","href":"https:\/\/api.w.org\/{rel}","templated":true}]}}